7
Suppose 3*u + c = -2*c + 471, -5*u + 770 = 2*c. What are the prime factors of u?
2, 19
Let q = -14 + 29. Let r be 3/6 - 3/(-2). What are the prime factors of 84/q + r/5?
2, 3
Suppose 0*f - 9 = -3*f. Suppose -f*j + 52 = h - 0*h, -2*h = -4*j - 84. What are the prime factors of h?
2, 23
Let t(h) = h**2 + h. Let y be t(1). Let z = -5 + y. Let p = 10 + z. List the prime factors of p.
7
Let a(o) = -o**3 - 6*o**2 + 6*o - 4. Suppose -5*u + 1 - 36 = 0. Let d be a(u). Suppose -5*k + 3*b = -4 - 14, d*b + 15 = 4*k. List the prime factors of k.
3
Let w = 9 - 14. Let n be (w - 6/(-3)) + 4. Suppose n - 15 = -v. List the prime factors of v.
2, 7
Suppose -2*b + 46 = -3*p, -b + 3*p = -3 - 20. Suppose 0 = k - 6*q + 5*q - b, 103 = 5*k - 2*q. What are the prime factors of k?
19
Suppose -2*i - i + 450 = 0. What are the prime factors of i?
2, 3, 5
Let l(v) = 4*v**2 + 5*v**2 - 3*v**2 - 4*v**2 - 2*v + 1. What are the prime factors of l(2)?
5
Suppose 5*i - 3*r - 694 = 0, -2*i + 3*r = -259 - 24. List the prime factors of i.
137
Let r(k) be the first derivative of -k**2 + 4*k + 3. List the prime factors of r(-5).
2, 7
Suppose 3*c - 11 = 1. Suppose 3*w - c = 2. What are the prime factors of 4 - w - (-2 - -1)?
3
Let p be (0 + 2/6)*18. Suppose 48 = -4*i + p*i. List the prime factors of i.
2, 3
What are the prime factors of 232/13 - (-4)/26?
2, 3
List the prime factors of 37 + -3 + 8 + -5.
37
Let n = -1 - -3. Suppose 0 = 3*z, -2*z = t - 5*z - n. Suppose -5*b = -52 + t. What are the prime factors of b?
2, 5
Suppose -322 = -6*v + 56. List the prime factors of v.
3, 7
Let x = -11 - -29. Let l be 302/x + (-2)/(-9). Let f = -8 + l. What are the prime factors of f?
3
Suppose 3*m = -0*m + 5*l + 10, -3*m - 5*l - 40 = 0. Let p = 29 + m. What are the prime factors of p?
2, 3
Let g(q) = -q**2 - 23*q + 9. What are the prime factors of g(-17)?
3, 37
Suppose -4*i = i + 25. Let q(s) = s**2 + 1. List the prime factors of q(i).
2, 13
Let w be 0/((2 - 6)/2). Suppose w*x - 12 = -2*x. List the prime factors of x.
2, 3
Let n(x) = 2 + x + 17*x**2 - 3 - x. Let f be n(-1). Suppose 0 = -3*o + f - 4. What are the prime factors of o?
2
Suppose 2*i = 4*i - 112. Let u = i - 24. List the prime factors of u.
2
Let z be 4 + 1 - (2 - 1). Suppose 0 = -x + z - 2. List the prime factors of x.
2
Suppose 0 = l, 0 = 4*w + 3*l - l - 40. Let c = 22 - w. What are the prime factors of c?
2, 3
Let h(c) = 4*c. Let n be h(1). Suppose a + 17 = 3*a + 5*y, -y - 45 = -n*a. Let d = a + -6. List the prime factors of d.
5
Suppose -6*v + 4*v + 6 = 0. Let q(j) = 2*j + 6. List the prime factors of q(v).
2, 3
Let b be ((-16)/(-6))/4*69. Suppose 0 = -2*w + 7*l - 3*l + 4, b = 5*w + 2*l. Suppose v = -0*v + w. List the prime factors of v.
2
List the prime factors of -2*(-2)/6*276.
2, 23
What are the prime factors of 0 + 1*(1 - -34)?
5, 7
Suppose 5*r = 10 - 0, 282 = -5*s - 4*r. Let j be (-4)/(-10) + s/(-5). Suppose 4*z - 2*z - j = 0. What are the prime factors of z?
2, 3
Let d(a) = a + 5. Let s be (-12)/8*8/(-3). Let i be d(s). Let j(y) = -y**2 + 10*y - 4. List the prime factors of j(i).
5
What are the prime factors of (90/20)/((-1)/(-34))?
3, 17
Suppose -4*f = -0*f + 4*k, 5*f - k - 6 = 0. Suppose -y - 2 = f, -2*j + y = -35. List the prime factors of j.
2
Let s(x) = -3*x + 1. Let g(b) = -3*b + 1. Let o(q) = 3*g(q) - 2*s(q). Let m(u) = -u**2 + u + 2. Let c be m(-2). What are the prime factors of o(c)?
13
Let k be 1/(-2) - (-93)/(-6). Let s = k + 24. List the prime factors of (-8)/32 - (-82)/s.
2, 5
Let j(d) = -d**2 - 11*d - 3. List the prime factors of j(-10).
7
Let h be (-50)/(-20) + (-1)/2. Suppose h*d = -2*d + 3*s + 73, -51 = -3*d + s. List the prime factors of d.
2
Suppose -x = -4*p - 3*x + 30, -p - 2*x = -12. Let q = -14 - p. Let m = -8 - q. List the prime factors of m.
2, 3
Suppose 3*g + 92 = 5*g. List the prime factors of g.
2, 23
Suppose -3*g = -2*g - 85. List the prime factors of g.
5, 17
Suppose 2*b = -2*b. Suppose -3*s + s = b. Suppose 6*h - h - 50 = s. What are the prime factors of h?
2, 5
Let c(t) = 97*t - 32. List the prime factors of c(4).
2, 89
Let n(b) = 5*b - 3*b + 5 + 0*b + 0*b. What are the prime factors of n(7)?
19
Let k(r) = 2*r**3 - 5*r**2 + 5*r - 3. Let p be k(3). Let n = -7 - -19. Let g = p - n. List the prime factors of g.
3
Suppose -3*z + 9 = -0*z, 5*w + 4*z - 82 = 0. List the prime factors of w.
2, 7
Let k(n) = 11*n**2. Suppose u + 0*u = 4. Suppose -5*h - 9 = -u. What are the prime factors of k(h)?
11
Let o(s) = s**3 + 12*s**2 + 13*s - 3. Let u be o(-9). Suppose -2*c - c = -u. What are the prime factors of c?
41
Suppose -58 = -f - g, 5*f - 2*g - 280 = 3*g. What are the prime factors of f?
3, 19
Suppose b + 4*b = 20. Suppose 4*m - 4 = b. List the prime factors of ((-20)/8)/(m/(-4)).
5
Suppose 0 = -3*d - 8 + 2. What are the prime factors of 3 + (1 - d*3)?
2, 5
Let n be 2*3*8/(-6). Let c = 25 + n. What are the prime factors of c?
17
Let a be (-58)/(-10) + 1/5. Suppose -o + a = -0. Let x = 2 + o. List the prime factors of x.
2
Let b(h) = -h**3 - 16*h**2 + 2*h + 22. Let w be b(-16). Let j(p) = -5*p - 1. List the prime factors of j(w).
7
Let i = -1 + 3. Let f be -4*((-6)/(-4) - i). What are the prime factors of 7/f + (-1)/2?
3
Let l(m) = -m**3 + 2*m - 1. Let p be l(1). Let s be 54/15*(-40)/(-3). Suppose -3*o = -p*o - s. List the prime factors of o.
2
Suppose -25*x + 2400 = -9*x. What are the prime factors of x?
2, 3, 5
Let f be -2*2 - (0 + -1). List the prime factors of (f - -1)/(-2)*33.
3, 11
Let t(o) = o**3 + 10*o**2 + 10*o + 17. Let u(h) = 1. Let j(z) = t(z) - 6*u(z). Let l be j(-9). Suppose l*k - 1 - 21 = 0. What are the prime factors of k?
11
Let c(t) = -3*t**2 + 3*t + 1. Let m be c(-2). Let h = m + 10. Let o = h - -11. What are the prime factors of o?
2
Let h(v) = v + 2. Suppose 0 = -n + 2*g - 4*g - 4, -4*n = 3*g + 11. Let m be h(n). What are the prime factors of (-2 - (m - -2))*-1?
2
Let o(x) = x**3 + 6*x**2 + 4*x - 3. Let q be o(-5). Suppose 1 + q = t. What are the prime factors of t?
3
Suppose 0 = -2*q - 3*x + 28 - 9, 2*q - 25 = -x. List the prime factors of q.
2, 7
Let u(g) = -4*g - 2. Let j be u(10). Let c = -27 - j. List the prime factors of c.
3, 5
Suppose 0*o + 12 = 4*o. List the prime factors of ((-7)/3)/(o/(-9)).
7
Let d = -31 + 113. Suppose -4*c + 2*c = -3*z - 79, -2*c = -4*z - d. List the prime factors of c.
5, 7
Let y = 43 - -38. List the prime factors of y.
3
Suppose -5 = l, 0 + 2 = -4*o - 2*l. Suppose 0 = o*h + 6, 2*w = -3*w + 5*h + 25. What are the prime factors of 0/1 - (-18)/w?
3
Let d(b) = -b**2 - 6*b - 4. Let c be d(-4). Let m(g) = 3*g - 3. List the prime factors of m(c).
3
Let s(m) = -2*m - 2. Let n(l) = l. Let v(o) = 5*n(o) + s(o). Let g be v(2). Suppose 0 = -2*d - w + 6 + 18, -g*w = 0. What are the prime factors of d?
2, 3
Let c(t) = 18*t - 2. List the prime factors of c(2).
2, 17
Let r be (1 - -3)/(6/24). What are the prime factors of r - ((-12)/(-3) - 7)?
19
Suppose 0*j + 40 = -4*j. Let p = 61 + j. What are the prime factors of p?
3, 17
Suppose -4*s + 3*s + 5 = t, 5 = 3*t + s. Let a = t + 4. Let c = -2 + a. List the prime factors of c.
2
Let t = 83 + -4. List the prime factors of t.
79
Suppose 2*q + 3 = -1. Let u be (-5)/(-1) + 1 + q. Suppose -s = -u*a + 4*s + 16, 3*a = -4*s + 43. What are the prime factors of a?
3
Let h be (-26)/(-8) - (-1)/(-4). Suppose 0 = -4*j - 3*a - 18 - 12, -h*j = 4*a + 26. What are the prime factors of (-58)/j - 1/(-3)?
2, 5
Suppose -5*k - 3*u + 488 - 144 = 0, 3*k = -2*u + 207. List the prime factors of k.
67
List the prime factors of -2*1/((-8)/60).
3, 5
Let i = -39 + 67. Suppose u - q - 19 = -1, -u + 3*q = -i. What are the prime factors of u?
13
Suppose -27 = -4*l - 3. Suppose -l*b + 60 = -b. What are the prime factors of b?
2, 3
What are the prime factors of 109/3 - (-6)/9?
37
Suppose -2*t = -g - 7, 2*t - 5*g = 3*t + 2. Suppose 3 = 3*l, 0*l - 94 = -t*d - l. List the prime factors of d.
31
Suppose -3*d - f + 3 = 0, -4*d - 3 = -5*f - 7. Suppose d + 9 = 5*x. Suppose -x*s + 6 = -s. What are the prime factors of s?
2, 3
Let n = 3 + 0. Suppose 6 = n*i - 3*a, 3*a + 20 = 4*i + 7. What are the prime factors of i?
7
Suppose -1049 = -3*b + g, -242 = -2*b + 4*g + 444. List the prime factors of b.
3, 13
Suppose -19*w + 21*w - 186 = 0. List the prime factors of w.